st common factor of 1080 and 724005?
135
Calculate the greatest common factor of 1750 and 126.
14
What is the highest common factor of 1538940 and 65?
65
What is the greatest common divisor of 4945 and 269905?
115
What is the highest common divisor of 33480 and 612?
36
What is the greatest common divisor of 50 and 18609600?
50
What is the highest common divisor of 37669 and 695?
139
Calculate the highest common factor of 753 and 1163887.
251
What is the highest common divisor of 143 and 44594?
11
Calculate the highest common factor of 5876 and 1404.
52
Calculate the highest common divisor of 1390 and 190.
10
What is the highest common factor of 221630 and 50?
10
Calculate the highest common factor of 1304310 and 120.
30
Calculate the highest common divisor of 114638 and 1426.
62
Calculate the highest common divisor of 357 and 2352.
21
Calculate the highest common divisor of 16 and 145984.
16
What is the highest common divisor of 2592 and 4293?
81
What is the greatest common factor of 30008 and 4840?
968
Calculate the greatest common factor of 267093 and 8496.
531
Calculate the greatest common factor of 1378 and 1314188.
106
What is the greatest common factor of 4646 and 5959?
101
What is the highest common factor of 763278 and 138?
138
Calculate the highest common factor of 1771 and 60269.
11
Calculate the greatest common factor of 26 and 33202.
26
Calculate the highest common divisor of 3264 and 15760.
16
Calculate the greatest common divisor of 39 and 1405599.
39
What is the greatest common divisor of 924 and 990?
66
Calculate the highest common divisor of 960011 and 26.
13
What is the greatest common divisor of 2 and 3181?
1
Calculate the highest common divisor of 2306 and 12.
2
What is the greatest common divisor of 34794 and 846?
18
Calculate the highest common factor of 1568 and 49882.
98
What is the highest common factor of 6001866 and 78?
78
Calculate the greatest common divisor of 75 and 181250.
25
What is the greatest common divisor of 4185 and 128385?
135
What is the greatest common divisor of 252 and 1030932?
252
Calculate the highest common divisor of 12838 and 4192.
262
Calculate the greatest common factor of 13414 and 84367.
353
What is the highest common divisor of 2903109 and 33?
33
Calculate the greatest common divisor of 2210 and 3445.
65
Calculate the highest common factor of 31682 and 55769.
217
What is the highest common factor of 2312787 and 6?
3
What is the highest common divisor of 13230 and 6272?
98
What is the highest common factor of 498 and 9426?
6
What is the greatest common divisor of 76 and 43244?
76
What is the greatest common factor of 6560 and 8864?
32
What is the greatest common divisor of 689 and 4876?
53
What is the greatest common divisor of 740 and 86960?
20
What is the greatest common divisor of 18 and 89088?
6
What is the greatest common factor of 8 and 2092?
4
What is the greatest common divisor of 306 and 205275?
51
Calculate the greatest common factor of 190 and 65570.
10
What is the greatest common divisor of 351 and 9936?
27
What is the greatest common factor of 11760 and 90?
30
Calculate the highest common factor of 579771 and 654.
327
Calculate the highest common factor of 6759 and 2448.
9
Calculate the greatest common factor of 44 and 18864.
4
What is the highest common divisor of 29310 and 54?
6
Calculate the highest common divisor of 12 and 299238.
6
What is the greatest common factor of 3864636 and 36?
36
Calculate the greatest common factor of 23 and 59.
1
Calculate the highest common factor of 224 and 4172.
28
What is the highest common divisor of 465 and 354640?
155
Calculate the highest common factor of 84 and 47796.
84
Calculate the highest common divisor of 5100 and 476.
68
What is the highest common divisor of 180 and 5505?
15
What is the highest common divisor of 161018 and 78?
26
Calculate the highest common divisor of 3680 and 191280.
80
Calculate the greatest common divisor of 813 and 723.
3
What is the highest common factor of 6 and 238335?
3
What is the highest common factor of 4756 and 3544409?
1189
Calculate the greatest common factor of 11471 and 5.
1
Calculate the greatest common factor of 171 and 315540.
9
Calculate the highest common divisor of 330 and 1157200.
110
What is the highest common factor of 2406816 and 2440?
488
Calculate the greatest common factor of 440 and 240416.
88
What is the highest common factor of 28 and 116956?
28
What is the highest common factor of 15372 and 2520?
252
Calculate the highest common divisor of 9394601 and 79.
79
Calculate the greatest common divisor of 548 and 1550018.
274
What is the highest common factor of 7533 and 5913?
81
What is the greatest common divisor of 410 and 6115?
5
What is the greatest common divisor of 9709 and 34447?
133
What is the greatest common factor of 584 and 41026?
146
What is the greatest common divisor of 3057822 and 57?
57
Calculate the highest common factor of 223965 and 5265.
405
Calculate the greatest common divisor of 988 and 4693.
247
Calculate the highest common divisor of 9834 and 594.
66
Calculate the highest common factor of 172 and 468.
4
Calculate the highest common factor of 8 and 19128.
8
What is the greatest common divisor of 88120 and 40?
40
What is the greatest common factor of 144 and 44208?
144
Calculate the highest common factor of 310964 and 9684.
1076
What is the highest common factor of 270293 and 3293?
89
Calculate the highest common factor of 3925 and 154331.
157
Calculate the highest common factor of 243 and 16471998.
243
Calculate the highest common factor of 42518 and 28.
14
Calculate the highest common divisor of 203 and 17052.
203
What is the highest common divisor of 876 and 121326?
438
What is the highest common factor of 176514 and 3348?
186
What is the greatest common divisor of 28954 and 434?
62
Calculate the greatest common divisor of 1792817 and 39.
13
Calculate the greatest common divisor of 69723 and 37338.
381
Calculate the greatest common factor of 41064 and 10440.
696
Calculate the greatest common factor of 45243 and 36.
9
Calculate the highest common factor of 108 and 82269.
27
Calculate the highest common divisor of 1702 and 703.
37
Calculate the highest common factor of 708 and 123546.
354
Calculate the greatest common factor of 22368 and 168.
24
Calculate the greatest common divisor of 570 and 7320.
30
Calculate the highest common divisor of 10833 and 6.
3
What is the greatest common divisor of 33 and 332277?
33
What is the greatest common factor of 737550 and 8?
2
Calculate the greatest common factor of 4980 and 1425.
15
What is the greatest common divisor of 44262 and 12?
6
Calculate the highest common divisor of 736 and 285384.
184
Calculate the greatest common factor of 129 and 1208601.
129
Calculate the highest common factor of 2556 and 3420.
36
Calculate the highest common factor of 21474 and 216.
18
What is the highest common divisor of 41 and 139031?
41
What is the highest common factor of 53 and 8284907?
53
Calculate the greatest common divisor of 177307 and 1196.
299
Calculate the greatest common factor of 37426 and 8.
2
Calculate the highest common factor of 230 and 39000.
10
What is the greatest common factor of 126 and 1495809?
63
Calculate the greatest common divisor of 7743586 and 674.
674
What is the greatest common divisor of 110 and 1796850?
110
Calculate the highest common divisor of 2278 and 36720.
34
Calculate the highest common factor of 204 and 362244.
12
Calculate the greatest common divisor of 3377 and 31621.
307
Calculate the highest common divisor of 34 and 169439.
17
What is the highest common factor of 32 and 5602?
2
Calculate the greatest common factor of 2388 and 60.
12
What is the highest common divisor of 166 and 6889?
83
Calculate the greatest common factor of 314 and 11731354.
314
What is the greatest common factor of 38807 and 514?
257
What is the greatest common factor of 453 and 240?
3
Calculate the highest common factor of 30758 and 28.
14
What is the greatest common divisor of 29204 and 7938?
98
What is the highest common factor of 38957 and 478?
239
What is the greatest common divisor of 1404596 and 2761?
251
Calculate the highest common factor of 159 and 168699.
159
Calculate the greatest common factor of 2174 and 953